 is 9398 (base 11) in base 14?
4773
Convert -1217 (base 9) to base 7.
-2434
What is -1321 (base 6) in base 9?
-414
Convert -300 (base 4) to base 10.
-48
6865 (base 10) to base 4
1223101
-6005 (base 7) to base 2
-100000001111
What is 6055 (base 9) in base 3?
20001212
1a64a (base 12) to base 4
21200122
Convert 1d3 (base 14) to base 8.
575
2068 (base 9) to base 12
a68
-220402 (base 7) to base 10
-38614
What is -1430 (base 6) in base 2?
-101111010
Convert -204211 (base 5) to base 6.
-51302
Convert 402 (base 12) to base 5.
4303
What is 197d (base 15) in base 7?
22042
-7264 (base 9) to base 16
-14cb
Convert -78 (base 9) to base 12.
-5b
What is 321 (base 16) in base 3?
1002200
Convert 7 (base 11) to base 14.
7
What is 1458 (base 10) in base 11?
1106
What is 1003121 (base 4) in base 7?
15401
33020 (base 10) to base 12
17138
25ca (base 13) to base 12
3165
What is -2323 (base 4) in base 16?
-bb
-1245 (base 8) to base 14
-365
Convert 11332 (base 4) to base 16.
17e
Convert -101312 (base 5) to base 6.
-23232
Convert -10022303 (base 4) to base 14.
-6319
What is -2a9 (base 15) in base 5?
-4414
What is -1a281 (base 11) in base 2?
-110111001111010
Convert -dc76 (base 14) to base 7.
-216106
What is -1132 (base 8) in base 11?
-4a8
202022 (base 3) to base 14
2b2
Convert -1110101000010 (base 2) to base 12.
-4402
What is -be5e (base 15) in base 12?
-1b438
What is 1304 (base 8) in base 15?
323
Convert -1222012 (base 4) to base 6.
-51234
-100111100 (base 2) to base 5
-2231
Convert 1011001110000 (base 2) to base 14.
2144
-566 (base 8) to base 5
-2444
What is -313335 (base 6) in base 4?
-12030323
What is -13331 (base 5) in base 10?
-1091
Convert -dd1 (base 16) to base 13.
-17c1
-23188 (base 9) to base 10
-15470
What is 2320220 (base 4) in base 10?
11816
12420 (base 5) to base 4
33121
Convert -16d (base 16) to base 2.
-101101101
Convert -3e (base 16) to base 3.
-2022
Convert 5302 (base 7) to base 2.
11101001000
What is -a51 (base 11) in base 4?
-103302
Convert 6ae (base 16) to base 12.
ba6
Convert 6684 (base 11) to base 8.
21144
What is 15120 (base 6) in base 15?
ab9
Convert d86 (base 14) to base 12.
1662
764 (base 10) to base 13
46a
Convert -94 (base 13) to base 4.
-1321
-20001 (base 5) to base 7
-3435
Convert -3134 (base 7) to base 15.
-4d8
What is -1823 (base 9) in base 13?
-837
What is 1cc (base 13) in base 4?
11101
-36425 (base 10) to base 16
-8e49
-40a (base 16) to base 9
-1368
What is 13445 (base 6) in base 8?
4105
What is -101102 (base 3) in base 15?
-13b
Convert 10000 (base 3) to base 7.
144
What is -2522 (base 7) in base 13?
-57b
What is -1011010110000 (base 2) in base 12?
-3440
What is -41124 (base 6) in base 7?
-21616
-313 (base 12) to base 6
-2023
198 (base 11) to base 4
3210
-825 (base 10) to base 14
-42d
Convert 519 (base 13) to base 11.
719
3014 (base 8) to base 9
2110
What is 2021022212 (base 3) in base 8?
127244
Convert 57b6 (base 13) to base 4.
3000131
What is -3910 (base 11) in base 9?
-6878
What is 2003222 (base 4) in base 6?
103002
4644 (base 13) to base 5
303413
What is 3811 (base 12) in base 5?
200344
What is -13364 (base 8) in base 3?
-22001122
Convert -1b45 (base 16) to base 2.
-1101101000101
-25a (base 13) to base 9
-508
Convert 4440 (base 10) to base 6.
32320
Convert 231 (base 8) to base 15.
a3
24026 (base 7) to base 13
2a86
Convert 190b (base 12) to base 15.
d75
-c595 (base 14) to base 16
-84f7
110114 (base 5) to base 14
1544
Convert 1077 (base 8) to base 16.
23f
-3 (base 15) to base 11
-3
What is 101110101001011 (base 2) in base 12?
119a3
What is 3151 (base 13) in base 7?
25621
Convert -22103 (base 6) to base 9.
-4173
What is 334022 (base 5) in base 11?
8923
24333 (base 5) to base 16
733
19b (base 16) to base 13
258
-45 (base 13) to base 14
-41
Convert 37 (base 12) to base 13.
34
What is -92a (base 14) in base 12?
-1062
30134 (base 7) to base 8
16155
Convert -2545 (base 6) to base 8.
-1201
-5b (base 16) to base 3
-10101
-110000000000 (base 2) to base 14
-1196
Convert 1025 (base 12) to base 16.
6dd
What is -46334 (base 7) in base 6?
-130442
What is -86 (base 15) in base 6?
-330
6ab (base 12) to base 9
1325
What is 16070 (base 8) in base 11?
5478
4365 (base 7) to base 3
2011000
23b30 (base 12) to base 13
18c87
-4a1 (base 16) to base 7
-3312
Convert -8274 (base 9) to base 4.
-1132231
What is 51 (base 6) in base 8?
37
125510 (base 6) to base 10
11634
Convert -21100 (base 9) to base 5.
-421212
What is -1101 (base 5) in base 11?
-128
Convert 4 (base 10) to base 16.
4
What is 54b (base 13) in base 10?
908
What is 4954 (base 14) in base 2?
11001000001110
Convert 48c (base 15) to base 2.
10000001000
What is -1018 (base 11) in base 13?
-7cb
Convert -43230 (base 5) to base 11.
-2233
What is -3220211 (base 4) in base 3?
-202102022
Convert 127a (base 16) to base 3.
20111012
Convert -1611 (base 8) to base 6.
-4105
What is 120 (base 13) in base 9?
236
286 (base 12) to base 3
112110
3a5 (base 13) to base 3
212210
What is 100011001 (base 2) in base 4?
10121
What is -101111001110 (base 2) in base 7?
-11545
Convert 353 (base 8) to base 10.
235
Convert -980a (base 13) to base 6.
-241503
What is 815 (base 13) in base 15?
615
-5651 (base 7) to base 12
-1225
-1373 (base 8) to base 12
-537
Convert -225 (base 11) to base 12.
-1a5
4664 (base 16) to base 11
125a2
11111110110 (base 2) to base 13
c0a
Convert -1010110 (base 3) to base 12.
-586
-1204010 (base 5) to base 7
-122151
Convert 138b9 (base 12) to base 7.
142224
Convert -13221133 (base 4) to base 6.
-401011
What is 101101022 (base 3) in base 15?
2398
Convert 24031 (base 5) to base 9.
2372
What is -4274 (base 11) in base 7?
-22315
Convert 11001011011 (base 2) to base 7.
4513
-3756 (base 13) to base 9
-11676
What is 2618 (base 11) in base 12?
1b7b
Convert 7371 (base 14) to base 5.
1114040
What is -7775 (base 8) in base 9?
-5547
What is 21202313 (base 4) in base 7?
221660
What is -354324 (base 6) in base 10?
-30796
What is -2015 (base 8) in base 7?
-3011
What is -226 (base 16) in base 4?
-20212
Convert 59b (base 12) to base 4.
31013
Convert -1021001120 (base 3) to base 2.
-110000011111100
What is -9270 (base 12) in base 5?
-1002144
Convert 201034 (base 5) to base 12.
384a
Convert 3c7 (base 16) to base 11.
7aa
What is 20121 (base 3) in base 4?
2302
1413 (base 5) to base 12
175
Convert -76c (base 13) to base 4.
-103321
Convert -36675 (base 8) to base 4.
-3312331
Convert 315 (base 7) to base 2.
10011111
Convert 25e7 (base 15) to base 12.
4824
What is 1dd (base 16) in base 8?
735
-1001103 (base 4) to base 12
-2503
-1240 (base 6) to base 13
-1b0
What is -5286 (base 9) in base 11?
-2a12
What is -ce07 (base 15) in base 7?
-241165
Convert 16817 (base 10) to base 13.
7868
2102 (base 7) to base 6
3225
What is 188 (base 10) in base 6?
512
Convert -146b3 (base 14) to base 5.
-3110400
What is 2b81 (base 16) in base 5?
324022
Convert -1402032 (base 5) to base 4.
-12323220
What is 6230 (base 7) in base 5?
32202
1661 (base 8) to base 6
4213
What is -b9 (base 15) in base 6?
-450
Convert -1112231 (base 5) to base 13.
-8c69
What is 2166 (base 7) in base 3?
1002000
-50234 (base 6) to base 5
-202244
What is 323 (base 13) in base 7?
1364
-782 (base 10) to base 2
-1100001110
101111011100010 (base 2) to base 14
8bd0
-19c (base 16) to base 10
-412
-734 (base 16) to base 14
-95a
Convert -155345 (base 7) to base 15.
-9172
-4061 (base 16) to base 10
-16481
-3948 (base 11) to base 6
-35434
What is -2120210 (base 4) in base 13?
-45a1
443 (base 14) to base 5
11333
What is 966 (base 12) in base 3?
1212220
What is 5b7 (base 13) in base 8?
1743
Convert 4866 (base 12) to base 8.
17716
What is -305 (base 15) in base 2?
-1010101000
Convert 80cc (base 13) to base 10.
17744
Convert -1661 (base 9) to base 6.
-5514
Convert -11b (base 15) to base 2.
-11111011
Convert 3010 (base 5) to base 12.
278
441 (base 10) to base 2
110111001
What is 1121000011 (base 3) in base 2?
111101001110111
-208 (base 16) to base 5
-4040
What is -2de8 (base 16) in base 6?
-130224
What is -102221 (base 3) in base 4?
-11002
-2011010 (base 3) to base 8
-3041
Convert 9173 (base 10) to base 5.
243143
525 (base 7) to base 16
108
11304 (base 7) to base 14
10ab
Convert -19d9 (base 16) to base 11.
-4a76
What is -30122 (base 4) in base 9?
-1072
d79 (base 16) to base 15
104e
Convert 64